{"id":79,"date":"2018-03-16T12:10:03","date_gmt":"2018-03-16T11:10:03","guid":{"rendered":"https:\/\/nur-noch-kurz-die-welt-retten.org\/?page_id=79"},"modified":"2018-03-16T12:10:03","modified_gmt":"2018-03-16T11:10:03","slug":"wofuer-zahle-ich-eigentlich","status":"publish","type":"page","link":"https:\/\/nur-noch-kurz-die-welt-retten.org\/?page_id=79","title":{"rendered":"Wof\u00fcr zahle ich eigentlich?"},"content":{"rendered":"<p>Vier Wochen in Costa Rica ab 990\u20ac!<\/p>\n<p>So oder so \u00e4hnlich lauten h\u00e4ufig die Angebote der Freiwilligendienstvermittlungen. Dies umfasst meistens Leistungen wie Hilfe bei Visumsbeantragungen, Transfers zum Projekt, Verpflegung und Unterkunft. Nicht enthalten sind dagegen h\u00e4ufig Kosten f\u00fcr Flug und Visum. Eine Vorbereitung findet, wenn \u00fcberhaupt, in Form von Brosch\u00fcren oder Online -Seminaren statt. In den wenigsten F\u00e4llen werden richtige Seminare zur Vor- und Nachbereitung angeboten.<\/p>\n<p>Alles in allem ist unklar, wie viel Geld davon an die Agenturen geht und wie viel am Ende die Organisationen und Projekte vor Ort bekommen. Kommerzielle Anbieter von Freiwilligendiensten haben zudem andere Interessen als gemeinn\u00fctzige Entsendeorganisationen, die staatlich gef\u00f6rdert werden. Als Unternehmen sind diese Agenturen darauf aus, Gewinn zu erzielen und das hat m\u00f6glicherweise den Verlust von Qualit\u00e4t zur Folge. Es geht nicht unbedingt darum, die Einsatzstellen im Globalen S\u00fcden angemessen zu bezahlen oder ein gutes Vorbereitungs- und Begleitungsprogramm f\u00fcr die Freiwilligen auf die Beine zu stellen, sondern eher darum, m\u00f6glichst viel Geld mit den Freiwilligendiensten zu verdienen. Daf\u00fcr werden in Brosch\u00fcren und sonstigem Werbematerial auch s\u00e4mtliche Klischees \u00fcber L\u00e4nder im Globalen S\u00fcden bedient, anstatt ein realistisches Bild von den Gegebenheiten vor Ort zu vermitteln. Die L\u00e4nder des S\u00fcdens werden dabei als exotisch, wild, fremd und einfach vollkommen anders dargestellt. Freiwilligendienstvermittlungen nutzen die finanzielle Abh\u00e4ngigkeit von Organisationen aus und entsenden Jugendliche aus dem Globalen Norden in Einsatzstellen, die diese oft nur aufnehmen, um das Projekt weiterfinanzieren zu k\u00f6nnen.<\/p>\n<p>Am finanziellen Ungleichgewicht zwischen Nord und S\u00fcd \u00e4ndert diese Praxis nichts und diese Abh\u00e4ngigkeiten, die seit dem Kolonialsmus bestehen, werden nicht in Frage gestellt.Vielmehr werden diese Strukturen legitimiert und damit auch aufrechterhalten. Die Auswirkungen globaler Ungerechtigkeit in den L\u00e4ndern des globalen S\u00fcdens werden so zu den Produkten der Freiwilligenindustrie.<\/p>\n","protected":false},"excerpt":{"rendered":"<p>Vier Wochen in Costa Rica ab 990\u20ac! So oder so \u00e4hnlich lauten h\u00e4ufig die Angebote der Freiwilligendienstvermittlungen. Dies umfasst meistens Leistungen wie Hilfe bei Visumsbeantragungen, Transfers zum Projekt, Verpflegung und Unterkunft. Nicht enthalten sind dagegen h\u00e4ufig Kosten f\u00fcr Flug und Visum. Eine Vorbereitung findet, wenn \u00fcberhaupt, in Form von Brosch\u00fcren [&hellip;]<\/p>\n","protected":false},"author":2,"featured_media":36,"parent":0,"menu_order":0,"comment_status":"closed","ping_status":"closed","template":"","meta":{"footnotes":""},"class_list":["post-79","page","type-page","status-publish","has-post-thumbnail","hentry"],"_links":{"self":[{"href":"https:\/\/nur-noch-kurz-die-welt-retten.org\/index.php?rest_route=\/wp\/v2\/pages\/79","targetHints":{"allow":["GET"]}}],"collection":[{"href":"https:\/\/nur-noch-kurz-die-welt-retten.org\/index.php?rest_route=\/wp\/v2\/pages"}],"about":[{"href":"https:\/\/nur-noch-kurz-die-welt-retten.org\/index.php?rest_route=\/wp\/v2\/types\/page"}],"author":[{"embeddable":true,"href":"https:\/\/nur-noch-kurz-die-welt-retten.org\/index.php?rest_route=\/wp\/v2\/users\/2"}],"replies":[{"embeddable":true,"href":"https:\/\/nur-noch-kurz-die-welt-retten.org\/index.php?rest_route=%2Fwp%2Fv2%2Fcomments&post=79"}],"version-history":[{"count":1,"href":"https:\/\/nur-noch-kurz-die-welt-retten.org\/index.php?rest_route=\/wp\/v2\/pages\/79\/revisions"}],"predecessor-version":[{"id":80,"href":"https:\/\/nur-noch-kurz-die-welt-retten.org\/index.php?rest_route=\/wp\/v2\/pages\/79\/revisions\/80"}],"wp:featuredmedia":[{"embeddable":true,"href":"https:\/\/nur-noch-kurz-die-welt-retten.org\/index.php?rest_route=\/wp\/v2\/media\/36"}],"wp:attachment":[{"href":"https:\/\/nur-noch-kurz-die-welt-retten.org\/index.php?rest_route=%2Fwp%2Fv2%2Fmedia&parent=79"}],"curies":[{"name":"wp","href":"https:\/\/api.w.org\/{rel}","templated":true}]}}